 + 4*r + 6. What is the units digit of y?
5
Suppose 4 = -2*t + 4*x - 10, 14 = -2*t - 5*x. Let m = 20 + t. What is the tens digit of m?
1
Let m(l) = 17*l**2 + 6*l - 3. What is the tens digit of m(2)?
7
Let t(a) = a**3 + 7*a**2 - 10*a + 10. Let j be t(-8). Suppose -3*s + j + 76 = 0. What is the units digit of s?
4
Suppose -n - 2*f - 216 = -3*n, -5*n = f - 546. What is the tens digit of n?
0
Let s = 82 + -67. What is the tens digit of s?
1
Let x = 1 + 1. Let g = x - 10. What is the units digit of g*(3/3)/(-2)?
4
Let v(r) = -4*r + 1. Let f be v(3). Let k = f - -17. Suppose -2*h + k = 2*x, 0*h = -3*x - 4*h + 11. What is the units digit of x?
1
Let b(z) = -z**3 - 3*z**2 + 5*z + 5. What is the units digit of b(-5)?
0
Suppose -2*r + 130 = -5*u - 53, 5 = u. What is the hundreds digit of r?
1
Let v(y) = -4*y**2 - y + 1. Let f be v(1). Let g be (f/8)/((-2)/44). Suppose 2*i = g + 1. What is the units digit of i?
6
Let l be 1/2*-7*-2. Let s = 12 - l. Suppose s*g + 14 = 4*v + 1, -v + 6 = -4*g. What is the units digit of v?
2
Suppose -21 = -9*t + 6*t. Let d = t - -17. What is the units digit of d?
4
What is the units digit of (18/(-24))/((-2)/24)?
9
What is the units digit of ((-12)/9)/((-3)/153)?
8
Let o(s) = s**3 + 6*s**2 + 3*s + 11. What is the units digit of o(-5)?
1
What is the units digit of (31/2)/((-5)/(-10))?
1
Let p(w) = w**3 + 4*w**2 - 6*w - 1. Let f be p(-5). Let n(d) = -d**3 + 4*d**2 + 2*d - 1. What is the units digit of n(f)?
7
Let v(x) = -x**3 + 9*x**2 - 9*x + 8. Let p be v(8). Let r = 6 - p. Suppose -3*i + r = -2*i. What is the units digit of i?
6
Let q(n) be the first derivative of 10*n**3/3 - n**2/2 - n + 2. What is the units digit of q(-1)?
0
What is the units digit of ((-4)/(-12)*-1)/(2/(-894))?
9
What is the tens digit of ((-22)/(-6))/((-2)/(-6))?
1
What is the units digit of -24*(-4 + (-1 - 3))?
2
Let c(m) = -5*m - 1. Let g be (-14)/(-6) + (-2)/(-3). Let o be c(g). Let l = -8 - o. What is the units digit of l?
8
Suppose s = -5*s + 234. What is the units digit of s?
9
Let w = 30 - -4. What is the units digit of w?
4
Let k be (-2)/(-5)*15/3. Suppose 2*h - 2*q + 6 + 0 = 0, -k*h - 3*q = -9. Suppose p + 0 - 19 = -5*f, 2*p + 2 = h. What is the units digit of f?
4
What is the tens digit of (-8 - -318) + (-1 - -3) + 0?
1
Let w(c) = c**2 + 2*c - 10. What is the units digit of w(-6)?
4
Suppose f - 5*a + 34 = -0*f, -4*f - a - 31 = 0. Let j be f/2*2/(-3). What is the tens digit of 18 + 1 + j + -4?
1
Suppose -97 = -4*w - 3*s + 355, 0 = -4*w + s + 436. What is the hundreds digit of w?
1
What is the tens digit of 14/21 - 31/(-3)?
1
Let g be 14 - 3/(3/2). Suppose o - g = -2*n, 0 = -6*n + 2*n. Suppose -p + 5*v - o = -0*p, -2*p + 16 = -2*v. What is the tens digit of p?
1
Let k(u) be the first derivative of -u**4/4 + 10*u**3/3 - 9*u**2/2 - 4*u + 3. Let i be k(9). What is the units digit of i/(-2 + (-6)/(-4))?
8
Let y = 106 + 6. What is the units digit of y?
2
Let j(q) = 86*q**2 + q + 2. What is the units digit of j(-1)?
7
What is the tens digit of (8/(-6))/((-3)/72)?
3
Suppose 0 = -2*u - 0*u + 32. What is the tens digit of u?
1
Let l = -2 - -5. Let t be -1*(l - (-4)/(-1)). Let a(d) = 5*d**2 + d. What is the units digit of a(t)?
6
Let l(r) = -r**2 + r. Let d be l(4). What is the units digit of (-876)/(-16) - 3/d?
5
Let w = 333 - 189. Suppose 0 = -2*o + 3*c + 62, 4*o + 2*c - 3*c - w = 0. What is the units digit of o?
7
Let c = -6 + 27. What is the units digit of c?
1
Let q = 9 - 15. Let z = 35 + q. What is the units digit of z?
9
Suppose 4*t - 8 = 4. Suppose 0 = -7*b + 4*b - 3, 4*g + 37 = t*b. What is the units digit of (-4)/g - (-32)/20?
2
Suppose -3*c + 68 + 85 = 0. What is the units digit of c?
1
Suppose 0 = -3*v + 3*z - 15, 0 = 2*v - z - 1 + 8. Let g = v - -11. What is the units digit of g?
9
Let d(y) = y**2 + y - 3. Let q be d(6). Suppose 31 = 5*m - q. Suppose -4*l - s + 24 = -5*s, 5*l - s = m. What is the units digit of l?
2
Let i(l) = -l**2 - 5*l - 12. Let f be i(-8). What is the units digit of 155/9 + 8/f?
7
Let t = -7 - -9. What is the tens digit of (4/1)/(t/8)?
1
Let b(d) = 19*d**3 - 2*d**2 + 2*d - 1. Let z be b(1). Suppose 3 = -5*v + 23. Suppose -5*c + 13 + z = 3*x, 2*x + v*c = 22. What is the units digit of x?
7
Suppose 2*x + 3*h = -37, -2*x = -0*h - h + 25. Let b = -22 - x. What is the tens digit of (b/(-10))/((-2)/(-25))?
1
What is the hundreds digit of ((-9)/6)/((-2)/4) - -121?
1
Suppose 2*i = 3 + 9. Suppose -168 + i = -3*w. What is the tens digit of w?
5
Suppose 0 = 2*h + 2*h + 120. What is the tens digit of ((-20)/h)/(4/102)?
1
Suppose -5*n + 4*s = 0, 0 = n - 5*s + 8 + 13. Let m = -11 - n. What is the units digit of (-6)/m + 6/10?
1
Let o = 20 - 11. What is the units digit of 8/((-3)/(o/(-6)))?
4
Suppose -442 + 36 = -5*j + q, 2*q - 172 = -2*j. What is the tens digit of j?
8
Suppose 5*m - 18 = -2*j + j, 2*m + 3 = 3*j. Suppose 2*i = -m*g - 1 - 4, i + 4*g = -10. Suppose -6*p = -i*p - 8. What is the units digit of p?
2
Let x be (3/6)/((-1)/(-6)). Suppose 0 = -x*m - m + 48. What is the tens digit of m?
1
Suppose -3*z + 4*u + 2 + 38 = 0, 0 = z + u - 4. Suppose -4*f = -z - 68. What is the units digit of f?
9
What is the tens digit of 102/8*96/18?
6
Let f be (-2 + 5)*8/(-3). What is the units digit of f/(-6)*(-351)/(-18)?
6
Let u(n) = -4*n**3 + n - 1. What is the tens digit of u(-2)?
2
Let d(a) = a**2 + 9*a + 2. Suppose -19 - 14 = 3*u. What is the tens digit of d(u)?
2
Suppose -w = 2*w - 78. What is the tens digit of w?
2
Let l = 16 - -10. Suppose -4*b - 4*m - 40 = 0, -b - m - l = -4*m. Let s = b - -23. What is the units digit of s?
9
Let o = 46 - 23. Suppose 0 = -4*d - 7 + o. Suppose -d*b + 12 = 4. What is the units digit of b?
2
Let v(d) = d**2 + 3*d - 2. Let r be v(-5). Suppose 0 + r = -4*u. Let b(k) = k**3 + 5*k**2 + 4*k + 2. What is the units digit of b(u)?
6
Let f = 156 - -82. What is the hundreds digit of f?
2
Suppose 5*r - 4*j = 6 + 22, -4*r + 5*j + 26 = 0. What is the units digit of (-14)/(-8) + 1/r?
2
Suppose 7 = 3*c - 5. Suppose 3*x = 4*w - 8, -3*w + c*x + 10 = 2*w. Suppose -w*k - 4*m + 0 = -4, -k + 2*m = -14. What is the units digit of k?
8
Suppose 2*a - 5*r = -12, -5*a - 7 = -4*r + 6. Let b be (-9 + 1)/(a + -1). What is the units digit of (1 + b/(-3))*-27?
9
Let f(l) = l**2 + 6*l + 5. Let i be f(-5). Suppose -5*w + 3*r + r + 58 = i, 2*r + 36 = 3*w. What is the tens digit of w?
1
What is the units digit of (534/(-9) + (-3)/(-9))/(-1)?
9
Let b = -9 + 0. Let p = 15 + b. What is the units digit of p?
6
What is the hundreds digit of (-2)/7 - 9950/(-35) - -3?
2
Let t(m) = -m + 8. Let o be t(5). Suppose 5*b + 0*b - 4*j = 18, -5*b = o*j - 4. Suppose -5*l - f = -40, 16 = -0*l + b*l - 3*f. What is the units digit of l?
8
Let c(q) = -2*q + 2. Let v be c(9). Let d = v + 51. Suppose 3*u - d = -4*r, 0*u + u + 15 = 4*r. What is the units digit of u?
5
Let v be (4/(-6))/((-4)/138). Let i = -6 - -10. Suppose i*o = -0*u - 3*u + 24, 5*o - v = -2*u. What is the units digit of o?
3
Suppose 0*x + 4*x = 4*l + 4, 0 = -3*x + 5*l + 5. Suppose 0 = -0*g - 4*g, 5*z - 3*g = x. Suppose 5*d - 35 - 20 = z. What is the tens digit of d?
1
Let s(t) = 13*t**3 - 5*t**2 + 9*t - 1. Let c(z) = -3*z**3 + z**2 - 2*z. Let a(k) = 9*c(k) + 2*s(k). Let j be a(-2). What is the units digit of (1/3)/(j/30)?
5
Let s = -2 + 25. Let o be 12/(-8) + s/2. Suppose 0 = -5*t + 3*d + d - 6, 3*t + d = o. What is the units digit of t?
2
What is the tens digit of 76/5*(-15)/(-6)?
3
Suppose -u - 3*u + 8 = 0. Suppose -u*h = -5*h + 15. Let j = h + -2. What is the units digit of j?
3
Let h = -2 - -4. What is the units digit of (-105)/(-20) + h/(-8)?
5
Let x be 1/((-1)/(-3)) + -1. Suppose 4*n - 16 = x*n. What is the units digit of n?
8
Let u(y) = -y**3 - 8*y**2 + 7*y + 3. Let m be u(-9). Suppose 0*n + 3*n = m. Let s(w) = 2*w - 3. What is the units digit of s(n)?
1
Let o be (-6)/1*(1 - 2). Suppose -3*m + 21 = 3*x, o*m - 2*x = 2*m - 2. What is the units digit of m?
2
Suppose 0*g + 2*g - 6 = 0. Let z(c) = 2*c**2 - g*c + c - 4*c**2 + 4*c + 3*c**3. What is the tens digit of z(2)?
2
Suppose 2*z - z + 26 = 0. Let p = -15 - z. Suppose 3*v = p + 4. What is the units digit of v?
5
Let s = -2 + 6. Suppose s*n = 2*n + 44. What is the units digit of n?
2
Suppose -8*w + 4*w + 4 = 0. Let p = 8 - w. What is the u